Let u(t) = -t**3 - 2*t**2 + 20*t - 9. Let g be u(3). Let w(h) = -2*h + 7. Calculate w(g).
-5
Let r = 9 + 1. Suppose 42 - 24 = 6*l. Suppose l*v + 0*u - r = -u, v - 15 = 2*u. Let i(q) = -q**2 + 7*q - 1. Give i(v).
9
Let k(q) = -4*q + 5. Suppose 21*r = 3*r + 72. Give k(r).
-11
Let x(u) = -2*u**2 - 10*u + 13. Let o = 1369 + -1375. Calculate x(o).
1
Let x(z) = -28*z - 1. Let d = -132 + 133. Give x(d).
-29
Let o(f) be the second derivative of f**3/6 - 5*f**2/2 - 23*f. Determine o(-5).
-10
Let a = -586 - -591. Let t(q) be the third derivative of 1/2*q**3 - 1/120*q**6 + 0*q + 0 - 1/12*q**a + 3*q**2 - 1/6*q**4. Calculate t(-4).
3
Let l(n) be the third derivative of 3/8*n**4 - n**3 - n**2 - 1/60*n**5 + 0 + 0*n. Let i be 0 - ((-3 - 0) + -3). Calculate l(i).
12
Let j(u) = -8*u + 10. Let f(s) be the first derivative of s**2/2 + 9. Let y(g) = -5*f(g) - j(g). What is y(7)?
11
Let t(b) be the second derivative of -b**7/280 + b**6/180 - b**4/24 - 5*b**3/6 + 20*b. Let v(d) be the second derivative of t(d). What is v(1)?
-2
Let l(d) = -d**3 + 5*d**2 - 4*d - 4. Let t be ((-3)/(-6))/(3 - (-138)/(-48)). Give l(t).
-4
Let p(a) be the first derivative of 5*a**4/12 - a**3/6 + 18*a**2 + 10. Let s(f) be the second derivative of p(f). What is s(1)?
9
Let d(r) be the first derivative of -r**5/60 + 3*r**4/8 - 5*r**3/6 - r**2 + 6*r - 51. Let m(u) be the second derivative of d(u). What is m(8)?
3
Let z(u) = u**3 - 5*u**2 - 6*u + 5. Suppose -3*f - 27 = -3*g, 4*g - 9*f + 7*f = 30. Give z(g).
5
Let m = -15 - -16. Let l(w) = -5*w**2 - 4*w - 1. Let v(s) = -s**3 - 6*s**2 - 5*s - 1. Let f(k) = -6*l(k) + 5*v(k). What is f(m)?
-5
Let k(o) = 0*o**2 - 46*o + 21*o + 26*o + 3*o**2 + 4 - o**2. Give k(3).
25
Let f = 200 + -206. Let h(b) = b**3 + 8*b**2 + 8*b + 2. Determine h(f).
26
Let r(w) = 24*w + w**2 - 20*w - 4 - 1 - w**3 + 2. Calculate r(2).
1
Let g(y) = 10*y**3 + y + 1. Let t be 4*(-3)/(-18) - (-22)/(-6). Let j(f) = f**2 + f - 7. Let d be j(t). Calculate g(d).
-10
Let v = 1048 + -1045. Let i(m) = m**2 + 2*m - 5. Calculate i(v).
10
Suppose 0 = 8*a - 16 - 8. Suppose 2*x + a = 11. Let o(d) = -3*d + 2. Let w(n) = -4*n + 1. Let r(q) = -3*o(q) + 2*w(q). Give r(x).
0
Let t(f) = f**2 - 12*f + 28. Let j(a) = a**2 - 13*a + 49. Let v be j(8). What is t(v)?
1
Let x = -33 + 33. Let b(n) = -4*n**2 - 2*n**3 - 151 + x*n**3 + 150 - n**3 - 3*n. Give b(-2).
13
Let c(o) = o**3 - 3*o**2 - 4*o - 1. Let r(s) = 5*s**3 - 12*s**2 - 18*s - 4. Let w(v) = 9*c(v) - 2*r(v). Give w(-4).
15
Let t(p) be the second derivative of -p**3/6 - 6*p**2 + 41*p + 2. Calculate t(-14).
2
Let f(r) be the second derivative of 0 + 1/12*r**4 + r**3 + 2*r**2 + 42*r. Calculate f(-5).
-1
Let g(p) = 4*p**3 - 8*p**2 + 13*p - 4. Let l be 5/(-20) + 13/4 + 2. Let u(m) = -6*m**3 + 12*m**2 - 20*m + 6. Let j(k) = l*u(k) + 8*g(k). Give j(2).
6
Let s = 8 - 4. Let j(p) = p**3 + p + 2 + 4 - s + 4*p**2. Let r = 9389 + -9392. Give j(r).
8
Suppose 0 = 322*w - 290*w + 192. Let l(j) = -8*j - 27. Calculate l(w).
21
Let k(a) = a**3 + 3*a**2 - 6*a - 6. Let u be (0 - 4)/((-2)/(-2)). Let m = 4 + u. Suppose m = 2*g - 0*i + 3*i + 5, 2*i = 2. Calculate k(g).
2
Suppose -k - 5*j = -4*k - 39, k = -j - 5. Let w = k - -4. Let x be 0 + w + 28/(-14). Let l(v) = 2*v - 6. Calculate l(x).
-18
Suppose 2*z - 13 = x, -4*z + 21 = -5*x - 20. Let k(y) = -y**3 - 3*y**2 + 8*y + 4. Determine k(x).
14
Suppose -g - 3*p + 3 = 0, 3*p + 3 = g - p. Let z(f) = -2*f - 7. Determine z(g).
-13
Let n(o) = o - 1. Let m(p) = p**2 + 9*p - 6. Let q be 50/(-5) - (0 + -3). Let z be m(q). Let r be (35/z)/(2/(-8)). What is n(r)?
6
Suppose b = 4*a + 15, -3*a - 9 = -4*b + 12. Let h(y) be the second derivative of 0 + 0*y**2 + 34*y - 2/3*y**3 - 1/6*y**4. Calculate h(a).
-6
Let y(q) = -q**3 + 4*q**2 + 12*q - 7. Suppose -10*c = 7 - 67. Determine y(c).
-7
Let z(a) = 11*a**2 - 12*a + 23. Let m(w) = -4*w**2 + 4*w - 8. Let g(y) = 8*m(y) + 3*z(y). Let f be 5 - (-7)/7 - (1 - 1). Determine g(f).
17
Let i(c) = -c**3 - 4*c**2 + 5*c + 7. Suppose -6*o + 612 - 42 = 0. Let s be (0 - -2)/((-38)/o). Calculate i(s).
7
Suppose -8*s + 109 = 173. Let w(f) = f**2 + 7*f - 14. Calculate w(s).
-6
Let j(i) = 4*i + 3. Let c(l) = -l**2 - l + 16. Let u be c(4). Give j(u).
-13
Suppose -4*x = -r - 3*r - 40, 35 = 3*x - 4*r. Let p = x + -5. Suppose p = j - 4. Let y(g) = -g**3 + 3*g**2 + 3*g - 4. What is y(j)?
-8
Let z(u) = -2*u**2 - 8*u + 7. Let i(j) = -2*j**2 + 3*j - 6. Let v(w) = -w**2 - w. Let l(o) = -i(o) + 4*v(o). Let p(k) = -4*l(k) + 3*z(k). Calculate p(-4).
13
Let t(p) be the second derivative of p**5/30 + p**4/24 + p**3/6 + 16*p**2 + 25*p. Let d(z) be the first derivative of t(z). Give d(-2).
7
Let c(k) = k**3 + 33*k**2 + 86*k - 125. Let a be c(-30). Let p(v) = 2*v + 3. Let x(z) = -3*z - 4. Let h(u) = 7*p(u) + 5*x(u). Calculate h(a).
6
Suppose -32 = -5*b + i, 4*b - 2*i - 34 = -b. Let n(h) = b*h + h**2 - 9*h - 2 + 0*h**2. Let q = 184 + -186. Give n(q).
8
Let m(c) = -2*c**3 - 15*c**2 - 27*c + 50. Let d(r) = -r**3 - 8*r**2 - 12*r + 24. Let l(s) = -5*d(s) + 2*m(s). What is l(-9)?
7
Let m(c) = -3*c**2 - 11*c**3 + 41 - 39 + 8*c**3. Give m(-2).
14
Let l(u) = -u + 4. Suppose r = -3*j - 17, -4*r + 8*j - 20 = 4*j. Give l(r).
12
Let v(a) be the second derivative of 2*a**2 - 2*a + 1/12*a**4 - 2/3*a**3 + 0. Calculate v(4).
4
Let n(r) = r**2 + r - 2. Let v = -90 + 91. Calculate n(v).
0
Let i(t) = 3 - 35*t**2 - 8*t - 10 + 34*t**2. Determine i(-6).
5
Let h(u) = u**3 + 3*u**2 - 4*u + 4. Let g = -65 - -77. Suppose -4*y + y = g. Calculate h(y).
4
Let z(q) be the first derivative of q**4/4 - q**3 - 19. Let y(b) = -1 + 4*b**3 + b - 2*b**3 + 3*b**2 - 4*b**3. Let p(c) = 2*y(c) + 3*z(c). What is p(-3)?
-8
Let p(v) = -2*v**2 - 5*v + 3. Suppose -4*c + 5*c = 2*t - 11, t - 23 = 4*c. Determine p(c).
-22
Let m be 2/10 + (-312)/10. Let f = m - -30. Let k(j) = 4*j**2 + j + 1. Determine k(f).
4
Let c(w) = 0 - 130*w - 2 + 3 + 129*w. Let g = 2 - 0. Let n(u) = -2*u**3 + 4*u**2 - 2*u - 1. Let s be n(g). Calculate c(s).
6
Let n(x) = 33*x + 33. Let i(a) = -2*a - 2. Let s(y) = 15*i(y) + n(y). Let c = 0 + -3. Calculate s(c).
-6
Let r be 27/6 - 1/2. Let t = r - 2. Let g(i) = -18*i + 33*i - 14*i - 2. What is g(t)?
0
Let w(s) = 4*s + 3*s - 3*s - 8 - s. Let i(d) be the third derivative of -d**4/12 - 29*d**3/6 - 15*d**2. Let l be i(-18). Give w(l).
13
Let h(i) = -12*i**2 - 2*i - 1. Let b be ((-15)/(-10))/((-2)/(-44)). Suppose -5*v = 4*r - b, 2*v = 5*r + v - 5. Let w be r/(-1) + (-17)/(-17). Determine h(w).
-11
Let l(p) be the first derivative of 1/2*p**2 + 0*p + 13. Give l(3).
3
Let v = 8 + -14. Let d(k) be the first derivative of -k**6/360 - 7*k**5/120 - k**4/8 + 3*k**3 + 4. Let s(c) be the third derivative of d(c). Determine s(v).
3
Let a(s) = 2*s - 9. Let c(v) = 2*v**2 - 2*v - 1. Let n be c(-1). Suppose -n*i - 4 = -10. Suppose -2*m + 2*h = -14, 3*h + 5 = m - i. Give a(m).
5
Let m(y) be the second derivative of -y**3/6 + 8*y**2 + 190*y. Give m(12).
4
Let d(f) be the second derivative of 11*f**3/6 - f**2/2 - f. Suppose 10*r = -r + 33. Let t be 1/((-1)/r*(-12)/(-4)). Determine d(t).
-12
Let s(y) = -y. Let q(k) = 6 - 12 + 2*k + 7. Let f(h) = -4*q(h) - 11*s(h). Determine f(5).
11
Suppose 5*x + 41 = -49. Let b = 15 + x. Let c(u) = 3*u - u + 3 + u. What is c(b)?
-6
Let a(g) = -g + 2. Let c(q) = -7*q + 17. Let p(j) = 6*a(j) - c(j). Calculate p(5).
0
Let j(z) = 13*z**2 - 1 - z**3 - 2 - 4 - 6*z - 6*z**2. Calculate j(5).
13
Let w = 25 - 11. Let o(u) = -4*u + w - u**2 + 13*u - 21. What is o(5)?
13
Let s(q) = q**2 + 9*q + 10. Let r(x) = -x**2 - 9*x - 9. Let v(p) = -5*r(p) - 4*s(p). Let c be -2*47*(18 + -17). Let h = -103 - c. Determine v(h).
5
Let s be (2/5)/(1/(-10)). Let c(j) = -4*j - 24 + 61 - 17 - 2*j**2 - 25 + j**2. Calculate c(s).
-5
Let i(j) = 14*j**3 - 16*j**2 + 61*j + 10. Let o(z) = 3*z**3 - 3*z**2 + 11*z + 2. Let u(w) = 2*i(w) - 11*o(w). Give u(2).
-36
Let z be (-1228)/(-18) + 2/(-9). Suppose -j = 3*j - z. Let l = j + -18. Let p(x) = -3*x**2 + 2*x + 1. Give p(l).
-4
Suppose -6*v + 8*v + 4 = 0. Let h(z) = -6*z + 21*z - 8*z - 1. Let g(i) = 8*i - 2. Let j(s) = v*g(s) + 3*h(s). What is j(-2)?
-9
Let j(c) be the second derivative of 2*c**5/5 - c**4/6 + c**3/3 - c**2/2 - 58*c. Let i be 1*(-2 - (-5 + 2)). What is j(i)?
7
Let w(v) = -7. Let o(p) = -p + 4. Let b(d) = -5*o(d) 